 0, -k + o*u = -11. Is -3 - (-1614)/8 - k/(-4) a prime number?
True
Let r(x) = -10*x + 44 - x**3 - 16*x**2 - 168 + 21 - 28. Is r(-18) a composite number?
True
Suppose 0 = 6*g - 106892 - 54502. Is g composite?
True
Let c be (-1)/((-10)/76)*50/20. Suppose 26 = 5*n - z, 3*n + 3 = z + c. Suppose 285 = n*k + 5*d, 12 = -0*d + 3*d. Is k a prime number?
True
Suppose -33*a + 41*a = 16840. Let g = a + -918. Is g prime?
True
Let m(s) = 107*s + 22871 - 168*s + 87*s. Is m(0) a composite number?
False
Let l = 6516 - 5658. Suppose 2*i + 486 - 3356 = 0. Let q = l + i. Is q prime?
True
Let c be 4/10 - 115/(-25). Let y be 3*(-1)/(-6) + 30/20. Suppose -y*x - 1078 = -c*w - 441, -3*w - x = -380. Is w prime?
True
Is (265240 - 2/2 - -2)/(441 + -440) a composite number?
False
Suppose 5*z + 118120 = -5*m + 574815, -12 = 3*m. Is z prime?
False
Let u(l) = -l - 1. Let o be u(-1). Suppose o*g - 3*g + 1467 = 0. Is (-12)/4 - (2/2 - g) prime?
False
Suppose 0 = -14*c + 3344009 + 1749597. Is c a prime number?
True
Suppose -4*x + 446855 = -5*t, -5*t - 1247160 = -7*x - 465160. Is x composite?
True
Suppose 0 = -w + 2*w - 5*l + 10, 40 = 5*w + 5*l. Let t be 888 - (0 - (-1 + 0)). Is (t/5)/(w/25) a composite number?
False
Let m = 36022 - 21569. Is m composite?
True
Let j(s) = 53170*s**3 + 2*s**2 - 11*s + 10. Is j(1) a prime number?
True
Suppose -31*x + 11830392 = -2457581 - 22110398. Is x a composite number?
False
Suppose -3*r - 3*r - 9*r = -27347685. Is r a composite number?
False
Suppose -4*a + 4532933 = 5*n, a = 122 - 125. Is n composite?
False
Let j be (15378/(-165))/(2/10). Let w = 4193 - j. Is w a prime number?
False
Suppose d + 3*d - 3*s = 232, 0 = -5*d - 5*s + 325. Suppose d*w = 59*w + 1274. Suppose -4*p + w = 3*b, 543 - 1316 = -5*p + 4*b. Is p prime?
True
Suppose 2*f + 140725 + 51013 = 4*n, 5*f = 2*n - 95881. Is n composite?
False
Let v = 197487 + 51092. Is v a prime number?
True
Let c(s) = -82*s + 4268. Let a be c(52). Suppose -5*x + 2711 = 2*g, 5*g - 6792 = x + x. Suppose -a*b = -2*u - g, b = 5*b - 5*u - 1373. Is b a prime number?
True
Suppose -5*b = -2*o - 3 + 11, 0 = -b - 2*o + 8. Suppose b = -3*f - 1898 - 811. Let x = -550 - f. Is x prime?
True
Is (600686/(-8))/(796/(-3184)) composite?
False
Let p be 28 - (6 + -2 + -3 - 1). Suppose 4*t + p - 36 = 0. Suppose 1 = -d, 0 = 2*r - 0*r - t*d - 7012. Is r a prime number?
False
Suppose 0 = -5*x + v + 34327, 2*v = -5*x + 4*v + 34329. Is x composite?
True
Suppose -8*r + 9*r + 4819775 = 26*r. Is r a composite number?
False
Suppose 0 = n - 214541 - 78480. Is n prime?
True
Suppose 16 = 2*x + 10. Suppose 3*v + 5 = -2*r, -x*r = -0*v + v + 11. Is ((-3)/6 + v)*(0 + 1108) composite?
True
Suppose -4*r + 2*h + 614817 = -619821, -r = 2*h - 308647. Is r a prime number?
False
Let c(x) be the second derivative of 122*x**4/3 + 49*x**3/6 - 11*x**2/2 + 166*x. Is c(4) a composite number?
False
Suppose 2*h + 26 - 1 = 5*p, -4*h - p - 39 = 0. Let o be 1223 - h/25*-5. Suppose -o = -3*s + i - 454, -5*i + 991 = 4*s. Is s prime?
False
Let a = -697 + 696. Let i(h) = -6366*h + 5. Is i(a) a composite number?
True
Let x(k) = 12*k - 67. Let g(n) = -n. Let d(p) = -2*g(p) - x(p). Let u be d(6). Suppose 4959 = u*o - 8782. Is o prime?
False
Let y be 9/(-6)*((-212933)/(-21) - 3). Is (1 - 2)/(-1*(-5)/y) a composite number?
False
Suppose -2*d - 12180 = 2*g, -21097 = 3*d + g - 2831. Let b = 10949 + d. Is b prime?
True
Suppose -5558 = -14*k + 10178. Let w = k + -85. Is w composite?
False
Suppose 0 = -6*n + 17 + 1. Is (-16186)/(-6)*-9*(-1)/n a prime number?
True
Let b be 468/30 + (36/15 - 2). Let o(u) = u**3 + 4*u**2 - 5*u + 15. Let t be o(b). Suppose -2*n = 3*n - t. Is n prime?
False
Let m(i) = -4214*i**3 - i**2 + i + 1. Let h be m(-1). Suppose 3529 + h = 49*o. Is o a prime number?
False
Let v(a) = 8*a**2 - 180*a + 6. Let s(t) = -9*t**2 + 156*t - 7. Let q(g) = -7*s(g) - 6*v(g). Let z = -9 + 17. Is q(z) a prime number?
True
Let k be -1*(573 + (-24)/4). Let i = k + 3764. Is i a prime number?
False
Suppose 720*q - 5*s = 725*q - 338155, -4*q = 3*s - 270520. Is q a composite number?
True
Is (7/(-49))/((-6)/(-21)) - 1470235/(-10) a composite number?
True
Suppose -10*x = -2*z - 13*x + 6, 0 = 4*z + 3*x. Is (-14883 + 3)/(-3) - z prime?
False
Let b(m) = -1454*m + 8. Let d be b(7). Let o be (12/14)/(-3) + d/(-21). Suppose 5*t - 9*t = -o. Is t composite?
True
Let l(c) = 7776*c + 50. Let t be l(6). Let x = t - 21279. Is x composite?
True
Let v(a) = -91*a - 1. Let c be v(-2). Let s = 1826 - 1822. Suppose 295 = s*w - c. Is w a prime number?
False
Suppose -11 = 4*t - 15. Let q be 17/34*(3447 - (0 - t)). Suppose 1 = r, -2*l = -5*r - 307 - q. Is l prime?
False
Is (25 + -52 - -28)/((-1)/(-313231)) composite?
True
Suppose 0 = 3*h - 3*q + 55080, -q = h - 3*q + 18361. Let d = -3388 - h. Suppose -5*o = -16*o + d. Is o composite?
False
Let y(q) = -q**3 + 5*q**2 - 5*q + 7. Let u be y(4). Suppose 7*m - u*m = -2*b + 25190, 4*m = -b + 25187. Suppose 7*z = -z + m. Is z prime?
True
Suppose 0*i + 3*u = i + 25, -56 = 4*i - u. Is i/(-26) + (-67059)/(-6) prime?
True
Suppose 48761 = 3*l + 23*i - 22*i, 4*l - 4*i = 65036. Suppose l = 23*m - 18*m. Is m a prime number?
True
Is -8 + ((-432)/(-104) - (-2)/(-13)) - -801315 prime?
False
Let n(a) be the second derivative of 7*a**4/12 + 13*a**3/6 + 67*a**2/2 + a + 17. Is n(-7) a composite number?
True
Let f = 1169707 + -805644. Is f a prime number?
False
Let h be (-12)/(-66) - ((-9)/11 - 0). Let g be -3 - h - (278 + 2). Let c = -155 - g. Is c composite?
True
Let r(m) = 3*m**2 + m + 1. Let a be r(-1). Suppose -v + 2*v - 5*y - 3654 = 0, 2*v = a*y + 7287. Is v a composite number?
True
Let z = 584296 + -399519. Is z a prime number?
True
Is -6 - (86/129)/((-2)/121845) a prime number?
True
Let n(z) be the second derivative of z**4/3 - z**3/3 - 20*z**2 + 9*z - 2. Is n(7) prime?
False
Suppose -365 = -4*k + a, 469 = 5*k + 18*a - 15*a. Let u = 7375 - k. Is u a composite number?
False
Let q(o) = 91*o**2 + 730*o - 16225. Is q(22) composite?
True
Let c(q) = -145*q + 37. Let g(u) = 147*u - 37. Let l(d) = -2*c(d) - 3*g(d). Is l(-22) a prime number?
True
Let c(o) = 15*o**2 - 63*o - 805. Is c(-39) a prime number?
False
Let b = -418551 - -649102. Is b prime?
True
Suppose 9*t - 2*j - 1756334 = 7*t, 0 = -t + 12*j + 878255. Is t prime?
True
Let l(i) = i**2 - 3*i - 15. Let k be l(-5). Let r be 30/k*(-10)/(-3). Suppose 393 = -r*o + 2365. Is o composite?
True
Let z be (-42474)/180*-3 - (-2)/20. Let t be ((-3010)/(-15))/((-2)/(-3)). Let y = z - t. Is y prime?
False
Suppose -2*t + 4*y + 10650 = 0, 1323*y = t + 1319*y - 5323. Is t a composite number?
True
Let b(w) = 51997*w**2 - 6*w + 3. Let t(q) = -25999*q**2 + 4*q - 2. Let z(c) = 3*b(c) + 5*t(c). Is z(1) composite?
False
Let c(j) = 2*j + 4. Suppose 6*w = -5 - 25. Let l be c(w). Let h = 485 + l. Is h a prime number?
True
Let j be 1388*(6 - 161/28). Let l = j - -1164. Is l a composite number?
False
Let z = -154 - 840. Suppose 0 = 18*p + 11 + 61. Is (-1)/(-1) + (p - z) prime?
True
Let t(s) = -7824*s - 5389. Is t(-14) a composite number?
False
Let r be (-78)/(-13) + (1 - 10869). Let a = r - -17399. Is a prime?
False
Suppose -3*p - 243 = -0*p. Let u be (-1 - 3304)*p/45. Suppose 4*f + 4788 = -q + 5*q, -5*q - 4*f + u = 0. Is q a composite number?
False
Let j(f) = -796*f - 644*f + 565*f + 3. Is j(-2) composite?
False
Let u = 118787 - 84369. Suppose 51*w + u - 189917 = 0. Is w a prime number?
True
Let n be (20/(-30))/((-4)/(-606)). Let d = 103 + n. Suppose -5*v + m - 5*m + 1038 = 0, -v + 210 = d*m. Is v a composite number?
True
Let t = 23 - 20. Suppose -t*b + 49 = 61. Is b/2*((-32664)/16)/3 prime?
True
Let s = 35126 - 5091. Is s prime?
False
Suppose 8*n = 12*n + 16, -36317 = -5*h + 3*n. Is h a prime number?
False
Suppose -4*w + 16 = 0, 2*a - w - 313691 + 29051 = 0. Is a a prime number?
False
Let d be 442/130 + (-3)/(30/4). Is (-4)/d*(-19377)/12 a composite number?
False
Let q = -81297 + 120880. Is q a composite number?
True
Let p(k) = -109*k + 202. Let a(y) = 110*y - 201. Let b(w) = -5*a(w) - 4*p(w). Is b(-25) composite?
True
Let c(o) = 33*o - 24. Let j be c(6). Let w = -16 + j. Is w a prime number?
False
Suppose 0 = 48*b - 276996 - 1500588. Is b prime?
False
Let g(w) = 20250*w**2 + 7*w - 9. Let x be g(3). Suppose 9*q + 17553 = x. Is q prime